. Determine a(f).
6
Let t(q) = -q**2 + 2*q + 13. Suppose 2*c = -2*g + 4, 2*c - 3*g = 3*c + 6. Calculate t(c).
-11
Let g(j) = -j**3 + 2 + 16*j - 6*j**2 - 16*j. Calculate g(-5).
-23
Let k = -14 + 14. Let r(l) = 13 + k*l - 6 - l. Let x be r(3). Let m(b) = b - 5. Give m(x).
-1
Suppose 5*r = 5*k, r + 15 = 4*k + 3. Let a = 7 + 3. Let m(v) = 3 + v**2 - k + a + 0*v**2. Determine m(0).
9
Let v(t) = t**3 - 2*t**2 + 1. Let r be (-4 - (-5)/2)*-14. Let h be (-1 - -3) + r/(-21). Give v(h).
0
Let s(c) be the third derivative of -c**6/120 - 2*c**5/15 + 11*c**4/24 + 4*c**3/3 - 290*c**2. Determine s(-9).
-10
Let w(o) = 2*o**2 - 6076*o + 12157*o + 6 - 6067*o. Determine w(-7).
6
Let f(k) be the third derivative of -k**6/120 - k**5/12 + k**4/24 + k**3/6 + 14*k**2. Let h = -5 + 8. Suppose 2*j = h*j + 5. What is f(j)?
-4
Let p(w) = -w**2 + 4*w - 4. Suppose -4*o + 3*c = 27, 2*o - 3*c + 12 = 3*o. Suppose 2*d + 35 = -97. Let z be (d/55)/(o/10). What is p(z)?
-4
Let y(z) be the second derivative of -15*z + 0 + 1/3*z**3 - 3/2*z**2 + 1/6*z**4. Calculate y(-3).
9
Let c be (5 - 3)*9/108. Let z(x) be the second derivative of c*x**3 + 7/2*x**2 - 6*x + 0. Give z(-5).
2
Let z(d) = d**3 - 2*d**2 + 5*d - 2. Let m be z(1). Let q(y) = -4*y**3 - y**2 + 1. Calculate q(m).
-35
Let q = 24 + -20. Suppose l = -4*g - 3*l + 24, -5*g - 15 = -q*l. Let k(a) = 1 + 0 - 2*a + 0 - 4*a**2. Determine k(g).
-5
Let a(q) be the second derivative of -q**7/840 - 7*q**6/360 - q**5/120 + 7*q**3/6 + 15*q. Let s(n) be the second derivative of a(n). What is s(-7)?
7
Let o(j) = -1 - 4*j**2 + 9*j - j**2 - 8 + j**3 - 4*j**2. Let d(s) = 2*s**2 + 7*s + 12. Let t be d(-5). Suppose -t*p + 30*p - 24 = 0. Give o(p).
-1
Let l(t) = -6*t + 2. Let g(p) = -40*p - 42. Let i be g(-1). Determine l(i).
14
Let b(p) = 2 + 4*p**2 - 15*p**2 + 4*p**2 + 3*p**2 + p**3. Let m(x) = x**3 - 3*x**2 + x - 1. Let g = -9 - -12. Let k be m(g). What is b(k)?
-6
Let x be (-228)/44 + (-22)/(-121). Let y(j) = -7*j**2 - 17*j - 7. Let p(h) = 3*h**2 + 8*h + 4. Let d(q) = -5*p(q) - 2*y(q). Determine d(x).
-1
Let n be 9/18 + -1 + 21/(-2). Let x(b) = 16*b - 11. Let v(a) = a - 14. Let c(d) = d - 9. Let s(k) = 8*c(k) - 5*v(k). Let t(z) = n*s(z) + 2*x(z). Give t(4).
-4
Let o(t) = t - 1. Suppose -y + 0 = 5*z + 2, 3*y + 4*z + 6 = 0. Let d be y/12 + 2/12. Suppose f + f = d. What is o(f)?
-1
Let p(l) be the second derivative of 1/2*l**2 + 1/3*l**3 + 1/20*l**5 + 9*l + 0 - 1/4*l**4. Calculate p(4).
25
Let m(f) = 5*f - 3. Suppose 13 = 2*v + 3. Suppose v*n = n + 20. What is m(n)?
22
Let g(d) = -2*d - 8. Let v be g(-6). Let h(c) = 54*c**2 - 18*c**2 - 19*c**2 - 18*c**2 + 2*c. Determine h(v).
-8
Let z(q) = 4*q + 1. Let n(w) = -w + 1. Let i(g) = 5*n(g) + z(g). Let m be 0/((-4 + 6)/(2/(-3))). What is i(m)?
6
Let m(h) be the first derivative of h**4/4 - 3*h**3 + 4*h**2 + 10*h + 69. Determine m(7).
-32
Let c = 39 + -7. Suppose -4*x = -3*x + c. Let r be 80/x - 3/(-2). Let t(z) = 2*z**3 - z**2 - 2*z - 1. What is t(r)?
-2
Let i(v) = 56*v + 1. Let z be i(0). Let q(n) = -4*n**3 - n. Give q(z).
-5
Let z(u) = 19*u + 1. Let r(j) = 37*j + 2. Let b(m) = 4*r(m) - 9*z(m). Determine b(-1).
22
Let k = 25 + 10. Let p = -36 + k. Let o(b) = -20*b. Determine o(p).
20
Suppose 10*b - 59 + 109 = 0. Suppose 0 = 3*v + v - 12. Let s(d) = 0*d**v + 4 - 5*d**2 - d**3 + 0*d**2 + 2*d. Determine s(b).
-6
Let q(x) = -3*x - x**2 - x + 5*x + 3 + 2. Let y(c) = -c**2 + c + 2. Let i(g) = g**2 - 3. Let p(s) = 4*i(s) + 5*y(s). Let h be p(3). Calculate q(h).
-7
Suppose -6*y + 18 = -3*y. Suppose -c = -0*c + y. Let s(m) be the third derivative of m**6/120 + m**5/12 - 7*m**4/24 - m**3 + m**2. Calculate s(c).
0
Let g be ((-58)/174)/(-1*2/3). Let f(b) be the first derivative of -3*b - 1 + g*b**2. Determine f(3).
0
Let w(c) = -14*c**3 - 2*c - 2. Let r be w(-1). Let l = 18 - r. Let f(t) = -2*t - 6 + 6*t + t + t - t**2. What is f(l)?
2
Let c be (16/(-12))/(2/(-30)). Suppose 17*l - c*l + 12 = 0. Let h(k) = 3*k - 4 + 4 - k**2. Calculate h(l).
-4
Let s(b) be the second derivative of b**5/20 - 7*b**4/12 + b**3 - b**2/2 + 489*b. What is s(6)?
-1
Let h(m) be the first derivative of 10*m - 8/3*m**3 - 3*m**2 + 23 - 1/4*m**4. Suppose -r - 11 = -2*w, -5*r + w = 24 + 13. Calculate h(r).
3
Let a(i) be the first derivative of -3*i + 2 + 1/6*i**4 - 1/6*i**3 + 1/5*i**5 + 0*i**2. Let c(d) be the first derivative of a(d). Calculate c(1).
5
Let p(t) be the third derivative of t**4/8 + 3*t**3/2 + 10*t**2. Let s(u) = -2*u - 8. Let i(j) = -5*p(j) - 6*s(j). Determine i(3).
-6
Let h(l) be the third derivative of l**6/120 - l**3/6 + 2*l**2. Suppose 8*p - 21*p + 26 = 0. Calculate h(p).
7
Let j(s) = s**3 - 5*s**2 - 8*s - 3. Let l = -3 - -3. Let a = l - -4. Let x be (a/(-10))/(4/(-60)). Give j(x).
-15
Let b(f) be the first derivative of -1 - 3/2*f**2 - 7*f. Determine b(-5).
8
Let h(f) = -f**2 + 4*f + 7. Let z be h(5). Let p(m) be the second derivative of -m**4/6 + m**3/6 - m**2/2 + 982*m. Calculate p(z).
-7
Let a(y) = 3*y**2 - 5*y + 5. Let c(g) = -g**2 - g - 1. Let h(j) = -a(j) - 2*c(j). Let b = 8 - 5. Suppose 0 = b*u - u - 12. Calculate h(u).
3
Let f(n) be the third derivative of n**5/60 + 13*n**4/24 + 7*n**3/3 + n**2. Let p be ((-9)/12 - -1) + (-8134)/664. What is f(p)?
2
Let s be 3 - (3 - (6 - 3)). Let p(y) = 58 + 3*y**3 - 31 - 28 + s*y**3. Give p(-1).
-7
Let a(m) = 2*m**3 + 6*m**2 - 6*m + 1. Let z be a(1). Let j(y) = -y**3 + 4*y**2 + y + 7. Calculate j(z).
19
Let r(t) be the third derivative of -t**6/120 + t**5/60 + t**4/8 - t**3/3 + t**2. Let k = 1652 - 1649. What is r(k)?
-11
Suppose 5*u = 7*u + 10. Let p(k) = 3*k**3 - 21*k**2 - 14*k - 9. Let s(x) = -5*x**3 + 32*x**2 + 21*x + 14. Let v(c) = u*s(c) - 8*p(c). What is v(-7)?
2
Let s(t) = 429*t + 1 - t**3 - 428*t - t**2 - 4*t**3 + 0*t**3 + 0. Give s(-1).
4
Let b(o) be the third derivative of o**6/120 + 7*o**5/20 + 11*o**4/12 + 41*o**3/6 - o**2 + 33*o. Calculate b(-20).
1
Let p(o) be the second derivative of o**6/40 - 5*o**3/2 - 14*o. Let t(g) be the second derivative of p(g). Determine t(1).
9
Let z(n) = -10597*n**2 + 6*n - 3 + 10598*n**2 - 4*n. Calculate z(3).
12
Let b(n) = 9*n**2 + n + 2. Let f = 612 + -614. Give b(f).
36
Let o(k) be the third derivative of 2*k**5/15 + k**4/12 + k**3/2 - k**2 - 30. Determine o(-2).
31
Let a(m) = 3922*m - 3924*m + 40 - 15. Give a(13).
-1
Suppose 2*q - 4*n - n = 31, 5*q = 3*n + 30. Let a(v) = -6*v**2 + v - 3. Let h(s) = 7*s**2 - s + 3. Let o(k) = -6*a(k) - 5*h(k). Give o(q).
9
Let y(a) = a**2 - 6*a - 2. Suppose -s - 4*s = 160. Let c be s/12 + (-2)/(-3). Let j be c/(-9) - 52/(-9). Calculate y(j).
-2
Let p(x) = x - 15. Suppose 0 = -4*r - 5*o + 57, -34 = 9*r - 12*r - 2*o. Calculate p(r).
-7
Let v = 5 - 10. Let z be 6 - (v + 2)/(-3). Let x(m) = -5*m + 1. Let g(q) = 11*q. Let l(b) = 4*g(b) + 9*x(b). Calculate l(z).
4
Let d(f) be the first derivative of -f**4/4 - f**3 + 3*f**2/2 - 4*f - 165. Give d(-4).
0
Suppose o - 6 = -o. Suppose 2*v - o = -1. Let k(d) = 3*d. What is k(v)?
3
Let u be (1 + (-25)/(-15))/(6/9). Let y(m) = 6*m - 1. What is y(u)?
23
Let g(d) = d**3 - 2*d**2 - 13*d + 6. Let j be (-871)/(-169) + (24/13 - 2). What is g(j)?
16
Let h(v) = v**2 + 15*v - 2. Let a(d) = -d**2 + 30*d + 244. Let l be a(37). Calculate h(l).
-2
Let c(w) be the third derivative of -w**6/120 - w**5/6 - 7*w**4/12 + 7*w**3/6 - 5*w**2 - 21. Give c(-8).
-9
Let d = 1237 + -1231. Let r(l) be the second derivative of -l**5/20 + 7*l**4/12 - l**3/2 - 3*l**2 + 3*l. Give r(d).
12
Let a(y) = -y**3 - 5*y**2 + 2*y + 4. Suppose -n = -i - 0*n + 15, -i - 2*n + 18 = 0. Let d(k) = k - 11. Let m be d(i). Suppose -m*l + 6*l = -5. What is a(l)?
-6
Let v(z) = -5*z**2 + 16*z + 11. Let u(c) = -3*c**2 + 9*c + 6. Let s(g) = -7*u(g) + 4*v(g). Give s(4).
22
Let m(c) = 3*c**2 + 6*c + c**3 - 14*c + 4*c**2 - 5. Suppose 4*a - 2*a = 4, 2*q - 4*a + 24 = 0. Let t be m(q). Let p(f) = -2*f + 1. Calculate p(t).
11
Let c(j) be the first derivative of j**4/4 - 10*j**3/3 + 9*j**2/2 + 5*j + 517. Give c(8).
-51
Let f(t) = -4*t**3 - 5 + 3*t**3 + 7*t - 12*t + 2*t - 6*t**2. Give f(-5).
-15
Let x(i) = -19*i**2 + 56*i - 57. Let z be x(1). Let s(o) = -o**2 - 21*o - 18. Determine s(z).
2
Let o(w) = 36*w - 1. Let i be o(1). Let h(z) = i + 10*z - 66 + 31. Calculate h(-1).
-10
Let v(s) = s**3 + 5*s**2 + 3*s. Let n be v(-3). Su